{"id":134,"date":"2021-07-19T23:01:03","date_gmt":"2021-07-19T21:01:03","guid":{"rendered":"https:\/\/pdm2021.uwb.edu.pl\/wordpress\/?page_id=134"},"modified":"2021-07-26T12:39:03","modified_gmt":"2021-07-26T10:39:03","slug":"posiedzenia-plenarne","status":"publish","type":"page","link":"https:\/\/pdm2021.uwb.edu.pl\/wordpress\/posiedzenia-plenarne\/","title":{"rendered":"POSIEDZENIA PLENARNE"},"content":{"rendered":"\t\t<div data-elementor-type=\"wp-page\" data-elementor-id=\"134\" class=\"elementor elementor-134\" data-elementor-settings=\"{&quot;ha_cmc_init_switcher&quot;:&quot;no&quot;}\">\n\t\t\t\t\t\t<section class=\"elementor-section elementor-top-section elementor-element elementor-element-6d3bb4ba elementor-section-boxed elementor-section-height-default elementor-section-height-default\" data-id=\"6d3bb4ba\" data-element_type=\"section\" data-e-type=\"section\" data-settings=\"{&quot;_ha_eqh_enable&quot;:false}\">\n\t\t\t\t\t\t<div class=\"elementor-container elementor-column-gap-default\">\n\t\t\t\t\t<div class=\"elementor-column elementor-col-100 elementor-top-column elementor-element elementor-element-60012a57\" data-id=\"60012a57\" data-element_type=\"column\" data-e-type=\"column\">\n\t\t\t<div class=\"elementor-widget-wrap elementor-element-populated\">\n\t\t\t\t\t\t<div class=\"elementor-element elementor-element-1170130b elementor-widget elementor-widget-text-editor\" data-id=\"1170130b\" data-element_type=\"widget\" data-e-type=\"widget\" data-widget_type=\"text-editor.default\">\n\t\t\t\t<div class=\"elementor-widget-container\">\n\t\t\t\t\t\t\t\t\t<p><span style=\"color: #ffffff;\"><\/span><\/p>\n<p><span style=\"color: #ffffff;\">POSIEDZENIA PLENARNE (6.12.2021):<\/span><\/p>\n<p>\u00a0<\/p>\n<p><span style=\"color: #ffffff;\"><\/span><\/p>\n<p><span style=\"color: #ffffff;\"><u>Pierwsze posiedzenie plenarne<\/u><\/span><\/p>\n<p><br \/><span style=\"color: #ffffff;\">1. Prof. dr hab. Hubert Izdebski,\u00a0<em>Prawo do miasta \u2013 po p\u00f3\u0142wieczu<\/em><\/span><\/p>\n<p><br \/><span style=\"color: #ffffff;\">2. Prof. dr hab. Marek Szczepa\u0144ski,\u00a0<em>Prawo do miasta \u2013 od greckiego polis do wsp\u00f3\u0142czesnych metropolii\u00a0<\/em><\/span><\/p>\n<p><span style=\"color: #ffffff;\"><\/span><\/p>\n<p><span style=\"color: #ffffff;\">PRZERWA\u00a0<\/span><br \/><br \/><span style=\"color: #ffffff;\"><u>Drugie posiedzenie plenarne<\/u><\/span><\/p>\n<p><br \/><span style=\"color: #ffffff;\">1. Prof.\u00a0dr hab. in\u017c. arch.\u00a0Krystyna Solarek,\u00a0<em>Ku idei miasta inkluzywnego<\/em><\/span><\/p>\n<p><br \/><span style=\"color: #ffffff;\">2. Prof. dr hab. Jerzy Hausner,\u00a0<em>Kszta\u0142towanie miejskiej czasoprzestrzeni rozwoju<\/em><\/span><\/p>\n<p><span style=\"color: #ffffff;\"><\/span><\/p>\t\t\t\t\t\t\t\t<\/div>\n\t\t\t\t<\/div>\n\t\t\t\t\t<\/div>\n\t\t<\/div>\n\t\t\t\t\t<\/div>\n\t\t<\/section>\n\t\t\t\t<\/div>\n\t\t","protected":false},"excerpt":{"rendered":"<p>POSIEDZENIA PLENARNE (6.12.2021): \u00a0 Pierwsze posiedzenie plenarne 1. Prof. dr hab. Hubert Izdebski,\u00a0Prawo do miasta \u2013 po p\u00f3\u0142wieczu 2. Prof. dr hab. Marek Szczepa\u0144ski,\u00a0Prawo do miasta \u2013 od greckiego polis do wsp\u00f3\u0142czesnych metropolii\u00a0 PRZERWA\u00a0 Drugie posiedzenie plenarne 1. Prof.\u00a0dr hab. in\u017c. arch.\u00a0Krystyna Solarek,\u00a0Ku idei miasta inkluzywnego 2. Prof. dr hab. Jerzy Hausner,\u00a0Kszta\u0142towanie miejskiej czasoprzestrzeni rozwoju<\/p>\n","protected":false},"author":1,"featured_media":0,"parent":0,"menu_order":0,"comment_status":"closed","ping_status":"closed","template":"","meta":{"_monsterinsights_skip_tracking":false,"_monsterinsights_sitenote_active":false,"_monsterinsights_sitenote_note":"","_monsterinsights_sitenote_category":0,"footnotes":""},"class_list":["post-134","page","type-page","status-publish","hentry"],"aioseo_notices":[],"_links":{"self":[{"href":"https:\/\/pdm2021.uwb.edu.pl\/wordpress\/wp-json\/wp\/v2\/pages\/134","targetHints":{"allow":["GET"]}}],"collection":[{"href":"https:\/\/pdm2021.uwb.edu.pl\/wordpress\/wp-json\/wp\/v2\/pages"}],"about":[{"href":"https:\/\/pdm2021.uwb.edu.pl\/wordpress\/wp-json\/wp\/v2\/types\/page"}],"author":[{"embeddable":true,"href":"https:\/\/pdm2021.uwb.edu.pl\/wordpress\/wp-json\/wp\/v2\/users\/1"}],"replies":[{"embeddable":true,"href":"https:\/\/pdm2021.uwb.edu.pl\/wordpress\/wp-json\/wp\/v2\/comments?post=134"}],"version-history":[{"count":8,"href":"https:\/\/pdm2021.uwb.edu.pl\/wordpress\/wp-json\/wp\/v2\/pages\/134\/revisions"}],"predecessor-version":[{"id":644,"href":"https:\/\/pdm2021.uwb.edu.pl\/wordpress\/wp-json\/wp\/v2\/pages\/134\/revisions\/644"}],"wp:attachment":[{"href":"https:\/\/pdm2021.uwb.edu.pl\/wordpress\/wp-json\/wp\/v2\/media?parent=134"}],"curies":[{"name":"wp","href":"https:\/\/api.w.org\/{rel}","templated":true}]}}