{"id":1488,"date":"2021-08-26T12:08:38","date_gmt":"2021-08-26T10:08:38","guid":{"rendered":"https:\/\/pdm2021.uwb.edu.pl\/wordpress\/?page_id=1488"},"modified":"2021-08-26T13:59:36","modified_gmt":"2021-08-26T11:59:36","slug":"prawo-do-miasta-prawo-trzeciej-generacji-praw-czlowieka","status":"publish","type":"page","link":"https:\/\/pdm2021.uwb.edu.pl\/wordpress\/prawo-do-miasta-prawo-trzeciej-generacji-praw-czlowieka\/","title":{"rendered":"PRAWO DO MIASTA \u2013 PRAWO TRZECIEJ GENERACJI PRAW CZ\u0141OWIEKA?"},"content":{"rendered":"\t\t<div data-elementor-type=\"wp-page\" data-elementor-id=\"1488\" class=\"elementor elementor-1488\" data-elementor-settings=\"{&quot;ha_cmc_init_switcher&quot;:&quot;no&quot;}\">\n\t\t\t\t\t\t<section class=\"elementor-section elementor-top-section elementor-element elementor-element-b2ae3c0 elementor-section-boxed elementor-section-height-default elementor-section-height-default\" data-id=\"b2ae3c0\" data-element_type=\"section\" data-e-type=\"section\" data-settings=\"{&quot;_ha_eqh_enable&quot;:false}\">\n\t\t\t\t\t\t<div class=\"elementor-container elementor-column-gap-default\">\n\t\t\t\t\t<div class=\"elementor-column elementor-col-100 elementor-top-column elementor-element elementor-element-c43e3f4\" data-id=\"c43e3f4\" data-element_type=\"column\" data-e-type=\"column\">\n\t\t\t<div class=\"elementor-widget-wrap elementor-element-populated\">\n\t\t\t\t\t\t<div class=\"elementor-element elementor-element-0555ced elementor-widget elementor-widget-text-editor\" data-id=\"0555ced\" data-element_type=\"widget\" data-e-type=\"widget\" data-widget_type=\"text-editor.default\">\n\t\t\t\t<div class=\"elementor-widget-container\">\n\t\t\t\t\t\t\t\t\t<p>Sesja, skupiaj\u0105c si\u0119 na jurydycznej problematyce prawa do miasta, po\u015bwi\u0119cona b\u0119dzie podmiotowej i przedmiotowej stronie tego prawa pod k\u0105tem jego istoty, w tym zasadno\u015bci zaliczania go do tzw. trzeciej generacji praw cz\u0142owieka.<\/p>\n<p>Kwestie te mo\u017cna \u2013 i powinno si\u0119 \u2013 rozwa\u017ca\u0107 z punktu widzenia zar\u00f3wno filozofii prawa, w szczeg\u00f3lno\u015bci prawa publicznego, jak i prawa pozytywnego. W pierwszym zakresie, rozwa\u017cania nad prawem do miasta mog\u0105 wychodzi\u0107 niejako \u201eod g\u00f3ry\u201d \u2013 od og\u00f3lniejszej kategorii praw cz\u0142owieka i stosunkowo ju\u017c utrwalonego podzia\u0142u tych praw na kolejne generacje, przy uwzgl\u0119dnieniu faktu, \u017ce o ile w 1950 r. w miastach \u017cy\u0142a nieca\u0142a 1\/3 populacji \u015bwiata, to obecnie mieszka\u0144cy miast stanowi\u0105 ponad po\u0142ow\u0119 ludno\u015bci globu, a wed\u0142ug prognoz na 2050 r. stanowi\u0107 maj\u0105 ju\u017c 2\/3; mowa jest wi\u0119c o prawie, kt\u00f3re mo\u017cna przypisa\u0107 miliardom ludzi. Nale\u017cy przy tym mie\u0107 na uwadze fakt, \u017ce miasto mo\u017ce by\u0107 rozumiane jako jednostka administracyjna, jak te\u017c jako szczeg\u00f3lnego rodzaju jednostka osadnicza, w r\u00f3\u017cny spos\u00f3b wykraczaj\u0105ca poza granice administracyjne. Do prawa do miasta mo\u017cna tak\u017ce podchodzi\u0107 \u201eod do\u0142u\u201d \u2013 rozwa\u017caj\u0105c indywidualne i zbiorowe potrzeby mieszka\u0144c\u00f3w miast wynikaj\u0105ce w\u0142a\u015bnie z faktu mieszkania w r\u00f3\u017cnej wielko\u015bci miastach r\u00f3\u017cnych cz\u0119\u015bci \u015bwiata.<\/p>\n<p>Gdy chodzi o prawo pozytywne, prawo do miasta jest uznane w \u201emi\u0119kkim\u201d prawie mi\u0119dzynarodowym, ale te\u017c zadeklarowane i, w wi\u0119kszym czy mniejszym stopniu sprecyzowane, w \u201etwardym\u201d prawie niekt\u00f3rych pa\u0144stw, co umo\u017cliwia analizowanie go w r\u00f3\u017cnych uj\u0119ciach prawno-por\u00f3wnawczych. Nie ma jego deklaracji ani tym bardziej bezpo\u015bredniego sprecyzowania w polskim porz\u0105dku prawnym, co jednak nie musi oznacza\u0107, \u017ce traktowa\u0107 je trzeba wy\u0142\u0105cznie jako postulat spo\u0142eczno-polityczny, lecz nie sk\u0142adnik tre\u015bci naszego prawa.<\/p>\n<p>Wskazane tym samym zosta\u0142o w spos\u00f3b og\u00f3lny <em>spectrum <\/em>prawnej problematyki prawa do miasta \u2013 a wraz z tym wskazaniem idzie zaproszenie do sk\u0142adania propozycji referat\u00f3w, z przekonaniem, \u017ce \u0142\u0105cznie przybli\u017c\u0105 nas do identyfikacji prawnej istoty oraz podmiotowej i przedmiotowej strony prawa, kt\u00f3re, w administracyjnym rozumieniu miasta, dotyczy oko\u0142o 60% populacji Polski.<\/p>\t\t\t\t\t\t\t\t<\/div>\n\t\t\t\t<\/div>\n\t\t\t\t\t<\/div>\n\t\t<\/div>\n\t\t\t\t\t<\/div>\n\t\t<\/section>\n\t\t\t\t<\/div>\n\t\t","protected":false},"excerpt":{"rendered":"<p>Sesja, skupiaj\u0105c si\u0119 na jurydycznej problematyce prawa do miasta, po\u015bwi\u0119cona b\u0119dzie podmiotowej i przedmiotowej stronie tego prawa pod k\u0105tem jego istoty, w tym zasadno\u015bci zaliczania go do tzw. trzeciej generacji praw cz\u0142owieka. Kwestie te mo\u017cna \u2013 i powinno si\u0119 \u2013 rozwa\u017ca\u0107 z punktu widzenia zar\u00f3wno filozofii prawa, w szczeg\u00f3lno\u015bci prawa publicznego, jak i prawa pozytywnego. <a class=\"read-more\" href=\"https:\/\/pdm2021.uwb.edu.pl\/wordpress\/prawo-do-miasta-prawo-trzeciej-generacji-praw-czlowieka\/\">READ MORE<\/a><\/p>\n","protected":false},"author":1,"featured_media":0,"parent":0,"menu_order":0,"comment_status":"closed","ping_status":"closed","template":"","meta":{"_monsterinsights_skip_tracking":false,"_monsterinsights_sitenote_active":false,"_monsterinsights_sitenote_note":"","_monsterinsights_sitenote_category":0,"footnotes":""},"class_list":["post-1488","page","type-page","status-publish","hentry"],"aioseo_notices":[],"_links":{"self":[{"href":"https:\/\/pdm2021.uwb.edu.pl\/wordpress\/wp-json\/wp\/v2\/pages\/1488","targetHints":{"allow":["GET"]}}],"collection":[{"href":"https:\/\/pdm2021.uwb.edu.pl\/wordpress\/wp-json\/wp\/v2\/pages"}],"about":[{"href":"https:\/\/pdm2021.uwb.edu.pl\/wordpress\/wp-json\/wp\/v2\/types\/page"}],"author":[{"embeddable":true,"href":"https:\/\/pdm2021.uwb.edu.pl\/wordpress\/wp-json\/wp\/v2\/users\/1"}],"replies":[{"embeddable":true,"href":"https:\/\/pdm2021.uwb.edu.pl\/wordpress\/wp-json\/wp\/v2\/comments?post=1488"}],"version-history":[{"count":7,"href":"https:\/\/pdm2021.uwb.edu.pl\/wordpress\/wp-json\/wp\/v2\/pages\/1488\/revisions"}],"predecessor-version":[{"id":1584,"href":"https:\/\/pdm2021.uwb.edu.pl\/wordpress\/wp-json\/wp\/v2\/pages\/1488\/revisions\/1584"}],"wp:attachment":[{"href":"https:\/\/pdm2021.uwb.edu.pl\/wordpress\/wp-json\/wp\/v2\/media?parent=1488"}],"curies":[{"name":"wp","href":"https:\/\/api.w.org\/{rel}","templated":true}]}}