{"id":291,"date":"2021-07-22T21:36:48","date_gmt":"2021-07-22T19:36:48","guid":{"rendered":"https:\/\/pdm2021.uwb.edu.pl\/wordpress\/?page_id=291"},"modified":"2021-08-10T09:12:08","modified_gmt":"2021-08-10T07:12:08","slug":"291-2","status":"publish","type":"page","link":"https:\/\/pdm2021.uwb.edu.pl\/wordpress\/291-2\/","title":{"rendered":"MIASTO PO KRYZYSIE A SPO\u0141ECZNY POTENCJA\u0141 ROZWOJU"},"content":{"rendered":"\t\t<div data-elementor-type=\"wp-page\" data-elementor-id=\"291\" class=\"elementor elementor-291\" data-elementor-settings=\"{&quot;ha_cmc_init_switcher&quot;:&quot;no&quot;}\">\n\t\t\t\t\t\t<section class=\"elementor-section elementor-top-section elementor-element elementor-element-5e4c002 elementor-section-boxed elementor-section-height-default elementor-section-height-default\" data-id=\"5e4c002\" data-element_type=\"section\" data-e-type=\"section\" data-settings=\"{&quot;_ha_eqh_enable&quot;:false}\">\n\t\t\t\t\t\t<div class=\"elementor-container elementor-column-gap-default\">\n\t\t\t\t\t<div class=\"elementor-column elementor-col-100 elementor-top-column elementor-element elementor-element-be7b3d0\" data-id=\"be7b3d0\" data-element_type=\"column\" data-e-type=\"column\">\n\t\t\t<div class=\"elementor-widget-wrap elementor-element-populated\">\n\t\t\t\t\t\t<div class=\"elementor-element elementor-element-490e312 elementor-widget elementor-widget-text-editor\" data-id=\"490e312\" data-element_type=\"widget\" data-e-type=\"widget\" data-widget_type=\"text-editor.default\">\n\t\t\t\t<div class=\"elementor-widget-container\">\n\t\t\t\t\t\t\t\t\t<p><span style=\"color: #ffffff;\">Sesja po\u015bwi\u0119cona b\u0119dzie sposobom radzenia sobie z sytuacjami kryzysowymi o\u015brodk\u00f3w miejskich, zar\u00f3wno na poziomie instytucjonalnym, jak i pozainstytucjonalnym. Sprawa dotyczy dostarczania bod\u017ac\u00f3w na rzecz kreowania oraz promowania postaw prorozwojowych, a tak\u017ce zapewniania warunk\u00f3w infrastrukturalnych do podejmowania dzia\u0142a\u0144 oddolnych. Celem sesji jest skupienie uwagi na znaczeniu potencja\u0142u spo\u0142ecznego wsp\u00f3\u0142czesnych miast oraz mo\u017cliwo\u015bci jego wykorzystania, zw\u0142aszcza wobec dotkliwych sytuacji kryzysowych. Poniewa\u017c kryzys jest nieuchronnym etapem w ka\u017cdym procesie rozwojowym, co r\u00f3wnie\u017c dotyczy miast, kluczowe jest my\u015blenie oraz podejmowanie dzia\u0142a\u0144 na rzecz jego przewidywania (tzw. <em>foresightowe<\/em>), zarz\u0105dzania nim, niwelowania jego skutk\u00f3w oraz wdra\u017cania rozwi\u0105za\u0144 pokryzysowych.<\/span><\/p>\n<p><span style=\"color: #ffffff;\">Serdecznie zapraszamy do zg\u0142aszania propozycji referat\u00f3w dotycz\u0105cych skutecznych narz\u0119dzi s\u0142u\u017c\u0105cych wykorzystywaniu potencja\u0142u spo\u0142ecznego miast, budowaniu wzorc\u00f3w i mechanizm\u00f3w mobilizacji spo\u0142ecznej na u\u017cytek zarz\u0105dzania kryzysowego, a tak\u017ce kreowaniu \u015bwiadomo\u015bci publicznej wobec kryzysu \u2013 czy to istniej\u0105cego czy potencjalnego. Zach\u0119camy do prezentowania program\u00f3w rozwojowych, kt\u00f3re zastosowane zosta\u0142y z powodzeniem czy to w Polsce czy na \u015bwiecie, tj. przynios\u0142y d\u0142ugofalowe i wymierne efekty w postaci spektakularnego odrodzenia si\u0119 miasta po kryzysie.<\/span><\/p>\t\t\t\t\t\t\t\t<\/div>\n\t\t\t\t<\/div>\n\t\t\t\t\t<\/div>\n\t\t<\/div>\n\t\t\t\t\t<\/div>\n\t\t<\/section>\n\t\t\t\t<\/div>\n\t\t","protected":false},"excerpt":{"rendered":"<p>Sesja po\u015bwi\u0119cona b\u0119dzie sposobom radzenia sobie z sytuacjami kryzysowymi o\u015brodk\u00f3w miejskich, zar\u00f3wno na poziomie instytucjonalnym, jak i pozainstytucjonalnym. Sprawa dotyczy dostarczania bod\u017ac\u00f3w na rzecz kreowania oraz promowania postaw prorozwojowych, a tak\u017ce zapewniania warunk\u00f3w infrastrukturalnych do podejmowania dzia\u0142a\u0144 oddolnych. Celem sesji jest skupienie uwagi na znaczeniu potencja\u0142u spo\u0142ecznego wsp\u00f3\u0142czesnych miast oraz mo\u017cliwo\u015bci jego wykorzystania, zw\u0142aszcza wobec <a class=\"read-more\" href=\"https:\/\/pdm2021.uwb.edu.pl\/wordpress\/291-2\/\">READ MORE<\/a><\/p>\n","protected":false},"author":1,"featured_media":0,"parent":0,"menu_order":0,"comment_status":"closed","ping_status":"closed","template":"","meta":{"_monsterinsights_skip_tracking":false,"_monsterinsights_sitenote_active":false,"_monsterinsights_sitenote_note":"","_monsterinsights_sitenote_category":0,"footnotes":""},"class_list":["post-291","page","type-page","status-publish","hentry"],"aioseo_notices":[],"_links":{"self":[{"href":"https:\/\/pdm2021.uwb.edu.pl\/wordpress\/wp-json\/wp\/v2\/pages\/291","targetHints":{"allow":["GET"]}}],"collection":[{"href":"https:\/\/pdm2021.uwb.edu.pl\/wordpress\/wp-json\/wp\/v2\/pages"}],"about":[{"href":"https:\/\/pdm2021.uwb.edu.pl\/wordpress\/wp-json\/wp\/v2\/types\/page"}],"author":[{"embeddable":true,"href":"https:\/\/pdm2021.uwb.edu.pl\/wordpress\/wp-json\/wp\/v2\/users\/1"}],"replies":[{"embeddable":true,"href":"https:\/\/pdm2021.uwb.edu.pl\/wordpress\/wp-json\/wp\/v2\/comments?post=291"}],"version-history":[{"count":22,"href":"https:\/\/pdm2021.uwb.edu.pl\/wordpress\/wp-json\/wp\/v2\/pages\/291\/revisions"}],"predecessor-version":[{"id":1051,"href":"https:\/\/pdm2021.uwb.edu.pl\/wordpress\/wp-json\/wp\/v2\/pages\/291\/revisions\/1051"}],"wp:attachment":[{"href":"https:\/\/pdm2021.uwb.edu.pl\/wordpress\/wp-json\/wp\/v2\/media?parent=291"}],"curies":[{"name":"wp","href":"https:\/\/api.w.org\/{rel}","templated":true}]}}