{"id":438,"date":"2021-07-24T11:39:19","date_gmt":"2021-07-24T09:39:19","guid":{"rendered":"https:\/\/pdm2021.uwb.edu.pl\/wordpress\/?page_id=438"},"modified":"2021-07-24T23:52:32","modified_gmt":"2021-07-24T21:52:32","slug":"typy-wlasnosci-mechanizmy-utowarowienia-i-sposoby-korzystania-z-przestrzeni-miejskiej","status":"publish","type":"page","link":"https:\/\/pdm2021.uwb.edu.pl\/wordpress\/typy-wlasnosci-mechanizmy-utowarowienia-i-sposoby-korzystania-z-przestrzeni-miejskiej\/","title":{"rendered":"TYPY W\u0141ASNO\u015aCI, MECHANIZMY UTOWAROWIENIA I SPOSOBY KORZYSTANIA Z PRZESTRZENI MIEJSKIEJ"},"content":{"rendered":"\n<p>Sesja dotyczy\u0107 b\u0119dzie zale\u017cno\u015bci pomi\u0119dzy (1) <em>rodzajami w\u0142asno\u015bci<\/em> (m.in. pa\u0144stwowej, samorz\u0105dowej, instytucjonalnej i prywatnej) poszczeg\u00f3lnych d\u00f3br i zasob\u00f3w miejskich a (2) <em>sposobami zarz\u0105dzania<\/em> nimi przez formalnych lub realnych dysponent\u00f3w. Zak\u0142adamy, \u017ce kszta\u0142t tych zale\u017cno\u015bci przes\u0105dza o (3) stopniu <em>utowarowienia <\/em>(b\u0105d\u017a <em>odtowarowienia<\/em>) d\u00f3br i zasob\u00f3w.<\/p>\n\n\n\n<p>Interesowa\u0107 nas b\u0119d\u0105 w szczeg\u00f3lno\u015bci napi\u0119cia lokuj\u0105ce si\u0119 na osi pomi\u0119dzy tendencj\u0105 do utowarowienia przestrzeni, us\u0142ug i d\u00f3br miejskich (przejawiaj\u0105c\u0105 si\u0119 m.in. w rozszerzaniu stref p\u0142atnego parkowania czy powstawaniu galerii handlowych) a \u2013 dochodz\u0105c\u0105 do g\u0142osu \u2013 tendencj\u0105 odwrotn\u0105 np. w postaci udost\u0119pniania i zagospodarowywania nieruchomo\u015bci gruntowych na u\u017cytek publiczny, powstawania lub rewitalizacji istniej\u0105cych teren\u00f3w parkowych, obiekt\u00f3w sportowo-rekreacyjnych, kulturalnych itd.<\/p>\n\n\n\n<p>Zapraszamy do zg\u0142aszania referat\u00f3w dotycz\u0105cych tych zjawisk oraz ich uwarunkowa\u0144 spo\u0142ecznych, gospodarczych i politycznych, a tak\u017ce zwi\u0105zanych z nimi konflikt\u00f3w interes\u00f3w. Znajduj\u0105 one odzwierciedlenie w wi\u0119kszo\u015bci polityk miejskich, w tym mieszkaniowej, przestrzennej, transportowej, kulturalnej oraz edukacyjnej \u2013 jest to r\u00f3wnie\u017c istotna kwestia, kt\u00f3r\u0105 planujemy podj\u0105\u0107 podczas dyskusji na temat prawa do miasta. &nbsp;&nbsp;&nbsp;<\/p>\n","protected":false},"excerpt":{"rendered":"<p>Sesja dotyczy\u0107 b\u0119dzie zale\u017cno\u015bci pomi\u0119dzy (1) rodzajami w\u0142asno\u015bci (m.in. pa\u0144stwowej, samorz\u0105dowej, instytucjonalnej i prywatnej) poszczeg\u00f3lnych d\u00f3br i zasob\u00f3w miejskich a (2) sposobami zarz\u0105dzania nimi przez formalnych lub realnych dysponent\u00f3w. Zak\u0142adamy, \u017ce kszta\u0142t tych zale\u017cno\u015bci przes\u0105dza o (3) stopniu utowarowienia (b\u0105d\u017a odtowarowienia) d\u00f3br i zasob\u00f3w. Interesowa\u0107 nas b\u0119d\u0105 w szczeg\u00f3lno\u015bci napi\u0119cia lokuj\u0105ce si\u0119 na osi pomi\u0119dzy <a class=\"read-more\" href=\"https:\/\/pdm2021.uwb.edu.pl\/wordpress\/typy-wlasnosci-mechanizmy-utowarowienia-i-sposoby-korzystania-z-przestrzeni-miejskiej\/\">READ MORE<\/a><\/p>\n","protected":false},"author":1,"featured_media":0,"parent":0,"menu_order":0,"comment_status":"closed","ping_status":"closed","template":"","meta":{"_monsterinsights_skip_tracking":false,"_monsterinsights_sitenote_active":false,"_monsterinsights_sitenote_note":"","_monsterinsights_sitenote_category":0,"footnotes":""},"class_list":["post-438","page","type-page","status-publish","hentry"],"aioseo_notices":[],"_links":{"self":[{"href":"https:\/\/pdm2021.uwb.edu.pl\/wordpress\/wp-json\/wp\/v2\/pages\/438","targetHints":{"allow":["GET"]}}],"collection":[{"href":"https:\/\/pdm2021.uwb.edu.pl\/wordpress\/wp-json\/wp\/v2\/pages"}],"about":[{"href":"https:\/\/pdm2021.uwb.edu.pl\/wordpress\/wp-json\/wp\/v2\/types\/page"}],"author":[{"embeddable":true,"href":"https:\/\/pdm2021.uwb.edu.pl\/wordpress\/wp-json\/wp\/v2\/users\/1"}],"replies":[{"embeddable":true,"href":"https:\/\/pdm2021.uwb.edu.pl\/wordpress\/wp-json\/wp\/v2\/comments?post=438"}],"version-history":[{"count":2,"href":"https:\/\/pdm2021.uwb.edu.pl\/wordpress\/wp-json\/wp\/v2\/pages\/438\/revisions"}],"predecessor-version":[{"id":527,"href":"https:\/\/pdm2021.uwb.edu.pl\/wordpress\/wp-json\/wp\/v2\/pages\/438\/revisions\/527"}],"wp:attachment":[{"href":"https:\/\/pdm2021.uwb.edu.pl\/wordpress\/wp-json\/wp\/v2\/media?parent=438"}],"curies":[{"name":"wp","href":"https:\/\/api.w.org\/{rel}","templated":true}]}}