{"id":452,"date":"2021-07-24T11:46:57","date_gmt":"2021-07-24T09:46:57","guid":{"rendered":"https:\/\/pdm2021.uwb.edu.pl\/wordpress\/?page_id=452"},"modified":"2021-08-22T15:04:13","modified_gmt":"2021-08-22T13:04:13","slug":"architektura-wobec-idealow-egalitarnego-i-inkluzywnego-miasta-miejskie-planowanie-wrazliwe-na-ludzi","status":"publish","type":"page","link":"https:\/\/pdm2021.uwb.edu.pl\/wordpress\/architektura-wobec-idealow-egalitarnego-i-inkluzywnego-miasta-miejskie-planowanie-wrazliwe-na-ludzi\/","title":{"rendered":"ARCHITEKTURA WOBEC IDEA\u0141\u00d3W EGALITARNEGO I INKLUZYWNEGO MIASTA. MIEJSKIE PLANOWANIE WRA\u017bLIWE NA LUDZI"},"content":{"rendered":"\t\t<div data-elementor-type=\"wp-page\" data-elementor-id=\"452\" class=\"elementor elementor-452\" data-elementor-settings=\"{&quot;ha_cmc_init_switcher&quot;:&quot;no&quot;}\">\n\t\t\t\t\t\t<section class=\"elementor-section elementor-top-section elementor-element elementor-element-89fb83c elementor-section-boxed elementor-section-height-default elementor-section-height-default\" data-id=\"89fb83c\" data-element_type=\"section\" data-e-type=\"section\" data-settings=\"{&quot;_ha_eqh_enable&quot;:false}\">\n\t\t\t\t\t\t<div class=\"elementor-container elementor-column-gap-default\">\n\t\t\t\t\t<div class=\"elementor-column elementor-col-100 elementor-top-column elementor-element elementor-element-bac6e82\" data-id=\"bac6e82\" data-element_type=\"column\" data-e-type=\"column\">\n\t\t\t<div class=\"elementor-widget-wrap elementor-element-populated\">\n\t\t\t\t\t\t<div class=\"elementor-element elementor-element-928d97d elementor-widget elementor-widget-text-editor\" data-id=\"928d97d\" data-element_type=\"widget\" data-e-type=\"widget\" data-widget_type=\"text-editor.default\">\n\t\t\t\t<div class=\"elementor-widget-container\">\n\t\t\t\t\t\t\t\t\t<p>Sesja po\u015bwi\u0119cona b\u0119dzie idealistycznym wizjom miasta egalitarnego i inkluzywnego oraz ich konfrontacji z realiami, <em>ergo<\/em>&nbsp; zagadnieniom praktycznym zwi\u0105zanym z pr\u00f3bami wcielenia tych idea\u0142\u00f3w w \u017cycie. Interesowa\u0107 nas b\u0119d\u0105 w szczeg\u00f3lno\u015bci problemy, z jakimi borykaj\u0105 si\u0119 w tym kontek\u015bcie architekci, urbani\u015bci oraz przedstawiciele dyscyplin pokrewnych.<\/p>\n<p>Poszukiwa\u0107 b\u0119dziemy mi\u0119dzy innymi odpowiedzi na nast\u0119puj\u0105ce pytania:<\/p>\n<ul>\n<li>Jaka rol\u0119 w tym procesie odgrywa kszta\u0142t przestrzenny i spos\u00f3b zabudowy miejskiej ? Czy jako\u015b\u0107 przestrzeni do \u017cycia mieszka\u0144c\u00f3w w mie\u015bcie zale\u017cy w wi\u0119kszym stopniu od samych budynk\u00f3w czy te\u017c od przestrzeni pomi\u0119dzy nimi? Jak&nbsp; podej\u015bcie do tych zagadnie\u0144 zmienia si\u0119 w obliczu za\u0142o\u017ce\u0144 gospodarki zamkni\u0119tego obiegu i zagro\u017ce\u0144 klimatycznych?<\/li>\n<li>Czy istniej\u0105 miarodajne sposoby oceny jako\u015bci przestrzeni publicznej oraz pomiaru jej zwi\u0105zku z jako\u015bci\u0105 \u017cycia ludzi? Na ile architekci i urbani\u015bci korzystaj\u0105 z dorobku psychologii \u015brodowiskowej w tej mierze i czy s\u0105 z nim&nbsp; obeznani?<\/li>\n<li>Jakie metody i procedury, kt\u00f3re mog\u0142yby wesprze\u0107 procesy inwestycyjne, a w konsekwencji zapewni\u0107 popraw\u0119 jako\u015bci zabudowy oraz przestrzeni publicznej,&nbsp; mamy w Polsce do dyspozycji, a jakie by\u0142yby nam potrzebne ?<\/li>\n<\/ul>\n<p>Chcieliby\u015bmy uwzgl\u0119dni\u0107 w naszych rozwa\u017caniach kwestie praktyczne i pochyli\u0107 si\u0119 nad zagadnieniami: czy \u201etanio\u201d musi znaczy\u0107 \u201eprymitywnie\u201d ?; do czego w\u0142adze miast dop\u0142acaj\u0105 i jak mieszka\u0144cy mog\u0105 to kontrolowa\u0107?<\/p>\n<p>Wa\u017cne b\u0119dzie zwr\u00f3cenie uwagi na kwestie zwi\u0105zane z bezpiecze\u0144stwem&nbsp;r\u00f3\u017cnych grup u\u017cytkownik\u00f3w w przestrzeniach publicznych i budynkach: tj. bezpiecze\u0144stwem przed przest\u0119pczo\u015bci\u0105, ale i przed wykroczeniami, takimi jak nagminne nadu\u017cywanie alkoholu w miejscach publicznych, przed ha\u0142asem narzucanym mieszka\u0144com, a tak\u017ce poruszenie kwestii konflikt\u00f3w o u\u017cytkowanie rower\u00f3w i hulajn\u00f3g na chodnikach miejskich.<\/p>\n<p>Jak w tym \u015bwietle widzimy mo\u017cliwo\u015bci realizacji idea\u0142\u00f3w inkluzywno\u015bci miasta dla wszystkich grup z uwagi na kryterium: p\u0142ci, wieku, sprawno\u015bci i in.?<\/p>\n<p>Zapraszamy do zg\u0142aszania propozycji referat\u00f3w, kt\u00f3re dotyczy\u0107 b\u0119d\u0105 powy\u017cszych kwestii, wska\u017c\u0105 jak mo\u017cna rozwi\u0105zywa\u0107 wyszczeg\u00f3lnione problemy i od kogo warto si\u0119 uczy\u0107. Zach\u0119camy r\u00f3wnie\u017c Pa\u0144stwa do przedstawiania studi\u00f3w przypadku, kt\u00f3re wspomog\u0105 architekt\u00f3w oraz urbanist\u00f3w w obserwacji dobrych praktyk.&nbsp;&nbsp;&nbsp;<\/p>\n<p><\/p>\t\t\t\t\t\t\t\t<\/div>\n\t\t\t\t<\/div>\n\t\t\t\t\t<\/div>\n\t\t<\/div>\n\t\t\t\t\t<\/div>\n\t\t<\/section>\n\t\t\t\t<\/div>\n\t\t","protected":false},"excerpt":{"rendered":"<p>Sesja po\u015bwi\u0119cona b\u0119dzie idealistycznym wizjom miasta egalitarnego i inkluzywnego oraz ich konfrontacji z realiami, ergo&nbsp; zagadnieniom praktycznym zwi\u0105zanym z pr\u00f3bami wcielenia tych idea\u0142\u00f3w w \u017cycie. Interesowa\u0107 nas b\u0119d\u0105 w szczeg\u00f3lno\u015bci problemy, z jakimi borykaj\u0105 si\u0119 w tym kontek\u015bcie architekci, urbani\u015bci oraz przedstawiciele dyscyplin pokrewnych. Poszukiwa\u0107 b\u0119dziemy mi\u0119dzy innymi odpowiedzi na nast\u0119puj\u0105ce pytania: Jaka rol\u0119 w <a class=\"read-more\" href=\"https:\/\/pdm2021.uwb.edu.pl\/wordpress\/architektura-wobec-idealow-egalitarnego-i-inkluzywnego-miasta-miejskie-planowanie-wrazliwe-na-ludzi\/\">READ MORE<\/a><\/p>\n","protected":false},"author":1,"featured_media":0,"parent":0,"menu_order":0,"comment_status":"closed","ping_status":"closed","template":"","meta":{"_monsterinsights_skip_tracking":false,"_monsterinsights_sitenote_active":false,"_monsterinsights_sitenote_note":"","_monsterinsights_sitenote_category":0,"footnotes":""},"class_list":["post-452","page","type-page","status-publish","hentry"],"aioseo_notices":[],"_links":{"self":[{"href":"https:\/\/pdm2021.uwb.edu.pl\/wordpress\/wp-json\/wp\/v2\/pages\/452","targetHints":{"allow":["GET"]}}],"collection":[{"href":"https:\/\/pdm2021.uwb.edu.pl\/wordpress\/wp-json\/wp\/v2\/pages"}],"about":[{"href":"https:\/\/pdm2021.uwb.edu.pl\/wordpress\/wp-json\/wp\/v2\/types\/page"}],"author":[{"embeddable":true,"href":"https:\/\/pdm2021.uwb.edu.pl\/wordpress\/wp-json\/wp\/v2\/users\/1"}],"replies":[{"embeddable":true,"href":"https:\/\/pdm2021.uwb.edu.pl\/wordpress\/wp-json\/wp\/v2\/comments?post=452"}],"version-history":[{"count":31,"href":"https:\/\/pdm2021.uwb.edu.pl\/wordpress\/wp-json\/wp\/v2\/pages\/452\/revisions"}],"predecessor-version":[{"id":1380,"href":"https:\/\/pdm2021.uwb.edu.pl\/wordpress\/wp-json\/wp\/v2\/pages\/452\/revisions\/1380"}],"wp:attachment":[{"href":"https:\/\/pdm2021.uwb.edu.pl\/wordpress\/wp-json\/wp\/v2\/media?parent=452"}],"curies":[{"name":"wp","href":"https:\/\/api.w.org\/{rel}","templated":true}]}}